. Calculate the greatest common factor of t and 125.
25
Let p = -21746 - -21773. Calculate the greatest common factor of 69 and p.
3
Let s be 62 + -3 - (1 + 1 - -3). Let v be (-8)/(2 + 2) + 423. Suppose 9*u - v = 794. What is the highest common divisor of s and u?
27
Suppose 0 = -130*p + 144*p - 1568. Calculate the greatest common factor of p and 203.
7
Let v be (14 + 16)*-2*24/(-10). Calculate the greatest common divisor of 39 and v.
3
Let m(o) = -21*o + 1038. Let s be m(32). What is the greatest common factor of s and 18?
6
Let s = 21277 - 8283. What is the greatest common factor of 178 and s?
178
Suppose 81*w = 329 + 157. Suppose 16 - 76 = -5*i. What is the greatest common divisor of w and i?
6
Let a(s) = -7*s**3 - 4*s**2 - 3*s - 3. Let w be a(-3). Let l = 264 - w. Let q = -113 + 128. What is the greatest common factor of l and q?
15
Let j be -2 - (12/8)/(6/(-16)). Suppose -3*w = 2*s - 203 - 493, -j*w - 5*s + 453 = 0. Calculate the highest common factor of 126 and w.
18
Let u = 187 + -110. Suppose -10*x = -x + 18. Let m be 126/27*(-3)/x. What is the greatest common divisor of u and m?
7
Let u(o) = 4*o - 1. Let d be u(1). Let n be d/1 - 5 - -44. Suppose 3*q - 205 = -5*j, -n = -3*j - 3*q + 75. What is the greatest common divisor of 11 and j?
11
Suppose -8395 = -14*w + 25093. Calculate the greatest common factor of w and 1288.
184
Let t(p) = -3*p + 5. Let d be t(3). Let g be (14/d)/(26/(-52)). Let y be ((-44)/(-77))/((-1)/(-49)). What is the highest common factor of y and g?
7
Let z(j) = -j**3 - 36*j**2 + 5. Let a be z(-36). Let n(b) = 2*b**2 - 4*b - 17. Let c be n(a). What is the highest common divisor of c and 39?
13
Suppose -4 + 52 = 4*o. What is the greatest common factor of 1704 and o?
12
Suppose 2 = 3*b - 2*b. Suppose 0 = 7*j + 4*j + 44. Let i = j - -12. Calculate the highest common factor of b and i.
2
Let f = 43354 - 43282. Let j(g) = g**2 - 5*g + 6. Let o be j(4). Suppose -o*x + 155 = 59. Calculate the highest common divisor of f and x.
24
Suppose 17 = 10*c - 3. Suppose 3*o - 3*p - 132 = 0, -2*p + 0*p + c = 0. Suppose u - 4*h - h = 60, -2*h - o = -u. What is the greatest common factor of 7 and u?
7
Let x(w) be the third derivative of w**4/2 - 59*w**3/6 - 90*w**2. Let s be x(22). Calculate the highest common divisor of s and 123.
41
Let j(c) = 2*c**2 - 160*c + 1632. Let n be j(10). Calculate the greatest common divisor of 856 and n.
8
Let b(m) = m**2 + 11*m - 36. Suppose 5*o + 5*d - 12 - 23 = 0, 17 = 3*o + 2*d. Let i be b(o). What is the highest common divisor of 66 and i?
6
Let h = 3660 - 3655. Let j be (-2 - 1/(-1))*-1. What is the greatest common divisor of h and j?
1
Let y be (-8)/(-1)*(5 + (-1)/(2/8)). What is the greatest common factor of y and 178?
2
Suppose -15*w + 1088 = m - 12*w, -4*w = 4*m - 4312. Calculate the highest common factor of 522 and m.
29
Suppose -20*g + 3477 + 87847 = 14*g. What is the highest common factor of 474 and g?
158
Let l = 5 + -7. Let g be 2/(((-12)/39)/l). Suppose -416 = -68*f + 36*f. Calculate the highest common divisor of g and f.
13
Let w be (-17415)/(-645) - (-4 - 5). Suppose -7 = -5*c + 3. Suppose 0 = -f - c*f + 36. What is the greatest common factor of f and w?
12
Let l(x) be the second derivative of 0 + 1/2*x**3 - 2*x**2 + 10*x. Let c be l(4). Calculate the greatest common factor of 1 and c.
1
Suppose -122 = -2*m - b, 770*m + 4*b - 40 = 769*m. What is the highest common divisor of m and 104?
8
Suppose s - l = 23274, -2*s + 46536 = -258*l + 254*l. What is the greatest common factor of s and 20?
20
Suppose -49*g + 365 + 2379 = 0. What is the highest common factor of 13496 and g?
56
Let r = -27 + 31. Suppose -9*a + 7*a + r = 0. Let v be 3*12/18 + 44/a. What is the greatest common divisor of 24 and v?
24
Suppose 62186 = 51*g - 123097. What is the highest common factor of g and 42?
21
Suppose 0 = -3*n - 4 + 16. Suppose 1583 = 4*r - 3*k - 250, n*r - k = 1843. What is the greatest common factor of 66 and r?
66
Let r = 1 - -2. Let h be (-3)/((-52)/8 + 8). Let t be (h/(-4))/((-2)/4) + r. What is the highest common factor of 6 and t?
2
Let j(l) = -1. Let x(d) = -d - 5. Let b(r) = -22*j(r) + 4*x(r). Let y be b(-3). Suppose 15*w + 756 = 21*w. What is the highest common divisor of w and y?
14
Suppose -13*i + 204 = 48. Let k be (-1)/(-2) - 9/(-2). Suppose -k*s = -36 - 54. Calculate the greatest common factor of i and s.
6
Let q be 7 + -4 - (11/55 + (-42)/10). Calculate the highest common divisor of 3969 and q.
7
Suppose 542*l - 2844 = 539*l + 3*a, -4*l + 3813 = -a. Calculate the highest common divisor of 5 and l.
5
Suppose -4*q + b + 350 = 0, -4 = 3*b - 5*b. Let o(y) = -y + 1. Let v = -9 - -2. Let w be o(v). What is the greatest common divisor of q and w?
8
Let b = 14 + -41. Let k = 38 + b. Suppose -k*l + 671 = 110. What is the greatest common factor of 34 and l?
17
Suppose -2*u + g = -302, 0 = 32*u - 40*u - 4*g + 1192. Calculate the highest common divisor of u and 6225.
75
Suppose 2*i = h + 442, 5*i - 3*h - 471 - 630 = 0. What is the greatest common divisor of 160 and i?
5
Suppose -i + 76 = 73. Suppose -2*s + 160 = 4*z, i*z - 32 = s + 88. Calculate the greatest common factor of z and 140.
20
Let u(c) = -2*c**2 + 3*c + 4. Let f be u(0). Let g be (18/f - 3) + (-54)/(-4). Calculate the greatest common factor of 6 and g.
3
Let a(d) = 115*d + 2435. Let x be a(-21). Calculate the highest common factor of 212 and x.
4
Let j(i) = 231*i + 2847. Let z be j(-12). Calculate the greatest common factor of 51 and z.
3
Suppose -3*x - 185 = -2*v, 173 - 351 = -2*v - 4*x. What is the greatest common factor of v and 4823?
91
Suppose -30*s + 47380 = -22340. Calculate the greatest common divisor of 1826 and s.
166
Let u = -3 - 0. Let t be (u/2)/((-12)/128). Let f = 142 + -78. Calculate the highest common factor of f and t.
16
Let u be (4/(20/(-315)))/(-1). Let c(b) = 25 - 17 - 18 + b. Let y be c(17). Calculate the greatest common factor of u and y.
7
Let z(a) = 65*a - 165. Let d be z(3). Let p(l) = 26*l**2 - 4*l + 5. Let k be p(4). What is the greatest common factor of k and d?
15
Let s be (588/10 - (-31 + 33))/(18/270). Suppose 3*k - 48 = -k + 3*p, 2*p = -4*k + 48. Calculate the greatest common divisor of k and s.
12
Suppose 0 = 71*v - 205102 - 132003 - 21871. Calculate the highest common factor of v and 237.
79
Suppose 2*v = -4*o + 488, 2*o + 0*o + 3*v - 248 = 0. Let f be 33*(2/3 - 6/2). Let g = o + f. Calculate the highest common factor of 352 and g.
44
Let p be (-6)/(-10) - 2880/(-75). Suppose 8*w + 2*w - 4680 = 0. What is the greatest common divisor of w and p?
39
Let x(j) = 703*j + 1107. Let g be x(11). Calculate the greatest common factor of g and 544.
136
Suppose -q - n + 566 = 0, 35*q = 31*q + 4*n + 2272. Suppose -2*f + 5*v + 116 = 0, 5*f + 4*v = 337 - 14. What is the highest common divisor of f and q?
63
Let d = -1476 - -1502. Suppose -3*o = -5*j - 1273, -3*o + 4*j = -4*o + 396. Calculate the highest common divisor of o and d.
26
Let m(i) = -i**3 + 13*i**2 + 1. Let d be m(12). What is the highest common divisor of 116 and d?
29
Suppose 74*x + 10*x + 5*x = 712890. What is the greatest common divisor of x and 9?
9
Suppose 2*v - 3*j - 74 = 0, -2*j = 2*v - 1134 + 1090. Calculate the greatest common factor of v and 5054.
14
Let w be 3*(-2724)/(-36) - 7. What is the highest common factor of w and 3?
1
Let m(q) = 4*q - 30. Let l be m(15). Let i = l - 26. Suppose -i*n - 4*w = 8, 5*n + w - 6 = -0*w. What is the highest common divisor of n and 2?
2
Let s(y) = -187*y + 654. Let o be s(-6). What is the highest common divisor of 192 and o?
48
Let u(c) = -22*c**3 - 5*c**2 - 19*c - 34. Let v be u(-2). Let s = 179 + -119. What is the highest common factor of s and v?
20
Let c be 3*(281/(-3) + -1). Let u = c - -306. What is the greatest common divisor of u and 22?
22
Suppose -659*h - 867 = -676*h. Calculate the highest common divisor of h and 46257.
51
Let b(m) = 49*m**2 + 19*m + 11. Let c be b(7). Suppose -c - 445 = -23*a. Calculate the greatest common factor of 30 and a.
10
Suppose -5*b - 377 = 4*d - 422, -b + 4*d = -33. Calculate the highest common divisor of 1235 and b.
13
Let h = 35 - 19. Suppose -4*m = 2*l - h, m - 3*m + 8 = -5*l. Suppose 3*g - 5*r = 107, g - m*r = 2*g - 64. Calculate the greatest common factor of 66 and g.
2